{"id":421,"date":"2023-05-05T14:15:08","date_gmt":"2023-05-05T14:15:08","guid":{"rendered":"https:\/\/andreasmehli-new.ch\/?page_id=421"},"modified":"2024-02-21T14:24:49","modified_gmt":"2024-02-21T14:24:49","slug":"reifen-und-oel","status":"publish","type":"page","link":"https:\/\/andreasmehli.ch\/index.php\/reifen-und-oel\/","title":{"rendered":"Reifen und \u00d6l"},"content":{"rendered":"\n<p>Alle Informationen zu Reifen und \u00d6l zusammen mit unseren Angeboten finden Sie hier.<\/p>\n\n\n\n<div class=\"wp-block-group\"><div class=\"wp-block-group__inner-container is-layout-constrained wp-block-group-is-layout-constrained\">\n<h2 class=\"wp-block-heading\">Aktion Rundlauf &amp; Spur<\/h2>\n\n\n\n<div class=\"wp-block-columns are-vertically-aligned-bottom is-layout-flex wp-container-core-columns-is-layout-9d6595d7 wp-block-columns-is-layout-flex\">\n<div class=\"wp-block-column is-vertically-aligned-bottom is-layout-flow wp-block-column-is-layout-flow\" style=\"flex-basis:100%\">\n<div class=\"wp-block-columns are-vertically-aligned-center is-layout-flex wp-container-core-columns-is-layout-9d6595d7 wp-block-columns-is-layout-flex\">\n<div class=\"wp-block-column is-vertically-aligned-center is-layout-flow wp-block-column-is-layout-flow\" style=\"flex-basis:100%\">\n<div class=\"wp-block-group is-nowrap is-layout-flex wp-container-core-group-is-layout-ad2f72ca wp-block-group-is-layout-flex\">\n<div class=\"wp-block-group\"><div class=\"wp-block-group__inner-container is-layout-constrained wp-block-group-is-layout-constrained\">\n<p>Verl\u00e4ngern Sie die Lebensdauer Ihrer Reifen mit unserem Aktionspaket.<\/p>\n\n\n\n<p>Fr. 170.- Rundlaufmessung<br>Fr. 80.- Spurmessung<br><strong>Fr. 230.- Paket Rundlauf &amp; Spur<\/strong><\/p>\n\n\n\n<p class=\"has-small-font-size\"><em>Sie sparen 20.- und erhalten eine <strong>Gratisberatung<\/strong> mit dem<br>Michelin Luftdruck-Kalkulator (Smartphone mitbringen)<\/em>.<\/p>\n\n\n\n<p class=\"has-small-font-size\"><em> <\/em><\/p>\n\n\n\n<figure class=\"wp-block-image size-full\"><img loading=\"lazy\" decoding=\"async\" width=\"640\" height=\"254\" src=\"https:\/\/andreasmehli.ch\/wp-content\/uploads\/2024\/02\/Screenshot-2024-02-21-151836-2.jpg\" alt=\"\" class=\"wp-image-1359\" srcset=\"https:\/\/andreasmehli.ch\/wp-content\/uploads\/2024\/02\/Screenshot-2024-02-21-151836-2.jpg 640w, https:\/\/andreasmehli.ch\/wp-content\/uploads\/2024\/02\/Screenshot-2024-02-21-151836-2-300x119.jpg 300w\" sizes=\"auto, (max-width: 640px) 100vw, 640px\" \/><\/figure>\n<\/div><\/div>\n<\/div>\n<\/div>\n<\/div>\n<\/div>\n<\/div>\n<\/div><\/div>\n\n\n\n<div class=\"wp-block-group\"><div class=\"wp-block-group__inner-container is-layout-constrained wp-block-group-is-layout-constrained\">\n<div class=\"wp-block-group\"><div class=\"wp-block-group__inner-container is-layout-constrained wp-block-group-is-layout-constrained\">\n<h2 class=\"wp-block-heading\">Rundlaufmessung<\/h2>\n\n\n\n<h3 class=\"wp-block-heading\">Problem des Aufschaukelns<\/h3>\n\n\n\n<p>Bei Traktoren kann es vorkommen, dass sie sich bei erh\u00f6hter Geschwindigkeit schnell aufschaukeln und zu \u201eh\u00fcpfen&#8220; beginnen. Dabei k\u00f6nnen so starke Schwingungen entstehen, dass kein Kontakt mehr zwischen Fahrbahn und Rad besteht und das Fahrzeug unkontrollierbar wird. Diese gef\u00e4hrliche Situation entsteht zum Beispiel, wenn ein H\u00f6henschlag in der Kombination Reifen und Felge vorhanden ist.<\/p>\n<\/div><\/div>\n\n\n\n<div class=\"wp-block-columns are-vertically-aligned-center is-layout-flex wp-container-core-columns-is-layout-9d6595d7 wp-block-columns-is-layout-flex\">\n<div class=\"wp-block-column is-vertically-aligned-center is-layout-flow wp-block-column-is-layout-flow\" style=\"flex-basis:66%\">\n<h3 class=\"wp-block-heading\">Modernste Messtechnik<\/h3>\n\n\n\n<p>Bei Mehli Landmaschinen verf\u00fcgen wir mit dem HAWEKA RPV1300 \u00fcber ein Hightech-Messger\u00e4t, um dieses Problem zu erkennen und zu beheben. W\u00e4hrend der Pr\u00fcfung wird der H\u00f6hepunkt der Rad\/Felge-Kombination mit modernster Lasertechnik lokalisiert und gleichzeitig wird die beste Position des Reifens auf der Felge ermittelt. <br>Ebenso werden das Rad und die Felge auf optimalen Rundlauf \u00fcberpr\u00fcft. So wird gleichzeitig ein allf\u00e4lliger H\u00f6henschlag am Rad exakt lokalisiert.<br>Jetzt kann die Werkstatt mit den erhaltenen Daten den Reifen auf der Montiermaschine in die ideale Position bringen und die Gefahr des \u201eH\u00fcpfens&#8220; ist somit eliminiert.<\/p>\n<\/div>\n\n\n\n<div class=\"wp-block-column is-vertically-aligned-center is-layout-flow wp-block-column-is-layout-flow\" style=\"flex-basis:33%\">\n<figure class=\"wp-block-image size-full\"><a href=\"\/wp-content\/uploads\/2023\/05\/Bild_Rundlaufmessung.jpeg\"><img loading=\"lazy\" decoding=\"async\" width=\"956\" height=\"1209\" src=\"\/wp-content\/uploads\/2023\/05\/Bild_Rundlaufmessung.jpeg\" alt=\"\" class=\"wp-image-779\" srcset=\"https:\/\/andreasmehli.ch\/wp-content\/uploads\/2023\/05\/Bild_Rundlaufmessung.jpeg 956w, https:\/\/andreasmehli.ch\/wp-content\/uploads\/2023\/05\/Bild_Rundlaufmessung-237x300.jpeg 237w, https:\/\/andreasmehli.ch\/wp-content\/uploads\/2023\/05\/Bild_Rundlaufmessung-810x1024.jpeg 810w, https:\/\/andreasmehli.ch\/wp-content\/uploads\/2023\/05\/Bild_Rundlaufmessung-768x971.jpeg 768w\" sizes=\"auto, (max-width: 956px) 100vw, 956px\" \/><\/a><\/figure>\n<\/div>\n<\/div>\n<\/div><\/div>\n\n\n\n<div class=\"wp-block-columns are-vertically-aligned-center is-layout-flex wp-container-core-columns-is-layout-9d6595d7 wp-block-columns-is-layout-flex\">\n<div class=\"wp-block-column is-vertically-aligned-center is-layout-flow wp-block-column-is-layout-flow\" style=\"flex-basis:66%\">\n<div class=\"wp-block-group\"><div class=\"wp-block-group__inner-container is-layout-constrained wp-block-group-is-layout-constrained\">\n<h2 class=\"wp-block-heading\">Spurmessung<\/h2>\n\n\n\n<p>Eine fehlerhafte Spureinstellung f\u00fchrt zu starker Abnutzung der Reifen . Die Ursache daf\u00fcr ist in vielen F\u00e4llen die so genannte Vorspur. Bei einer Vorspur stehen die Vorderr\u00e4der in Fahrtrichtung gesehen nach vorne zusammen. <br>Wenn diese R\u00e4der frei rollen k\u00f6nnten, w\u00fcrden sie sich nach einer bestimmten Laufstrecke in ihren Fahrbahnen kreu- zen. Da die R\u00e4der fehlerhaft zur L\u00e4ngs- achse des Traktors ausgerichtet sind, werden sie w\u00e4hrend der Fahrt perma- nent quergeschoben, was den einseitigen und ungleichm\u00e4ssigen Verschleiss hervorruft.<\/p>\n\n\n\n<div class=\"wp-block-group\"><div class=\"wp-block-group__inner-container is-layout-constrained wp-block-group-is-layout-constrained\">\n<h3 class=\"wp-block-heading\">Die L\u00f6sung<\/h3>\n\n\n\n<p>Mit einem modernen Laserger\u00e4t vermessen wir die Spur Ihres Traktors und stellen diese bei Bedarf ein.<\/p>\n<\/div><\/div>\n<\/div><\/div>\n<\/div>\n\n\n\n<div class=\"wp-block-column is-vertically-aligned-center is-layout-flow wp-block-column-is-layout-flow\" style=\"flex-basis:33%\">\n<figure class=\"wp-block-image size-full\"><a href=\"\/wp-content\/uploads\/2023\/05\/Spurvermessung_Bild.jpeg\"><img loading=\"lazy\" decoding=\"async\" width=\"956\" height=\"1221\" src=\"\/wp-content\/uploads\/2023\/05\/Spurvermessung_Bild.jpeg\" alt=\"\" class=\"wp-image-784\" srcset=\"https:\/\/andreasmehli.ch\/wp-content\/uploads\/2023\/05\/Spurvermessung_Bild.jpeg 956w, https:\/\/andreasmehli.ch\/wp-content\/uploads\/2023\/05\/Spurvermessung_Bild-235x300.jpeg 235w, https:\/\/andreasmehli.ch\/wp-content\/uploads\/2023\/05\/Spurvermessung_Bild-802x1024.jpeg 802w, https:\/\/andreasmehli.ch\/wp-content\/uploads\/2023\/05\/Spurvermessung_Bild-768x981.jpeg 768w\" sizes=\"auto, (max-width: 956px) 100vw, 956px\" \/><\/a><\/figure>\n<\/div>\n<\/div>\n\n\n\n<h2 class=\"wp-block-heading\">Partner von:<\/h2>\n\n\n\n<p>ROXOR Schmierstoffe<\/p>\n\n\n\n<p><a href=\"https:\/\/andreasmehli.ch\/index.php\/michelin-exelagri\/\">MICHELIN Exelagri<\/a><\/p>\n","protected":false},"excerpt":{"rendered":"<p>Alle Informationen zu Reifen und \u00d6l zusammen mit unseren Angeboten finden Sie hier. Aktion Rundlauf &amp; Spur Verl\u00e4ngern Sie die Lebensdauer Ihrer Reifen mit unserem Aktionspaket. Fr. 170.- RundlaufmessungFr. 80.- SpurmessungFr. 230.- Paket Rundlauf &amp; Spur Sie sparen 20.- und &hellip; <a href=\"https:\/\/andreasmehli.ch\/index.php\/reifen-und-oel\/\">Weiter<\/a><\/p>\n","protected":false},"author":1,"featured_media":0,"parent":0,"menu_order":0,"comment_status":"closed","ping_status":"closed","template":"","meta":{"kt_blocks_editor_width":"","footnotes":""},"class_list":["post-421","page","type-page","status-publish","hentry"],"yoast_head":"<!-- This site is optimized with the Yoast SEO plugin v21.0 - https:\/\/yoast.com\/wordpress\/plugins\/seo\/ -->\n<title>Reifen und \u00d6l - Andreas Mehli<\/title>\n<meta name=\"robots\" content=\"index, follow, max-snippet:-1, max-image-preview:large, max-video-preview:-1\" \/>\n<link rel=\"canonical\" href=\"https:\/\/andreasmehli.ch\/index.php\/reifen-und-oel\/\" \/>\n<meta property=\"og:locale\" content=\"de_DE\" \/>\n<meta property=\"og:type\" content=\"article\" \/>\n<meta property=\"og:title\" content=\"Reifen und \u00d6l - Andreas Mehli\" \/>\n<meta property=\"og:description\" content=\"Alle Informationen zu Reifen und \u00d6l zusammen mit unseren Angeboten finden Sie hier. Aktion Rundlauf &amp; Spur Verl\u00e4ngern Sie die Lebensdauer Ihrer Reifen mit unserem Aktionspaket. Fr. 170.- RundlaufmessungFr. 80.- SpurmessungFr. 230.- Paket Rundlauf &amp; Spur Sie sparen 20.- und &hellip; Weiter\" \/>\n<meta property=\"og:url\" content=\"https:\/\/andreasmehli.ch\/index.php\/reifen-und-oel\/\" \/>\n<meta property=\"og:site_name\" content=\"Andreas Mehli\" \/>\n<meta property=\"article:publisher\" content=\"https:\/\/www.facebook.com\/people\/Andreas-Mehli-Landmaschinen\/100057849181425\/\" \/>\n<meta property=\"article:modified_time\" content=\"2024-02-21T14:24:49+00:00\" \/>\n<meta property=\"og:image\" content=\"https:\/\/andreasmehli.ch\/wp-content\/uploads\/2024\/02\/Screenshot-2024-02-21-151836-2.jpg\" \/>\n<meta name=\"twitter:card\" content=\"summary_large_image\" \/>\n<meta name=\"twitter:label1\" content=\"Gesch\u00e4tzte Lesezeit\" \/>\n\t<meta name=\"twitter:data1\" content=\"3\u00a0Minuten\" \/>\n<script type=\"application\/ld+json\" class=\"yoast-schema-graph\">{\"@context\":\"https:\/\/schema.org\",\"@graph\":[{\"@type\":\"WebPage\",\"@id\":\"https:\/\/andreasmehli.ch\/index.php\/reifen-und-oel\/\",\"url\":\"https:\/\/andreasmehli.ch\/index.php\/reifen-und-oel\/\",\"name\":\"Reifen und \u00d6l - Andreas Mehli\",\"isPartOf\":{\"@id\":\"https:\/\/andreasmehli.ch\/#website\"},\"datePublished\":\"2023-05-05T14:15:08+00:00\",\"dateModified\":\"2024-02-21T14:24:49+00:00\",\"breadcrumb\":{\"@id\":\"https:\/\/andreasmehli.ch\/index.php\/reifen-und-oel\/#breadcrumb\"},\"inLanguage\":\"de\",\"potentialAction\":[{\"@type\":\"ReadAction\",\"target\":[\"https:\/\/andreasmehli.ch\/index.php\/reifen-und-oel\/\"]}]},{\"@type\":\"BreadcrumbList\",\"@id\":\"https:\/\/andreasmehli.ch\/index.php\/reifen-und-oel\/#breadcrumb\",\"itemListElement\":[{\"@type\":\"ListItem\",\"position\":1,\"name\":\"Startseite\",\"item\":\"https:\/\/andreasmehli.ch\/\"},{\"@type\":\"ListItem\",\"position\":2,\"name\":\"Reifen und \u00d6l\"}]},{\"@type\":\"WebSite\",\"@id\":\"https:\/\/andreasmehli.ch\/#website\",\"url\":\"https:\/\/andreasmehli.ch\/\",\"name\":\"Andreas Mehli\",\"description\":\"Landtechnik |\u00a0 Motorger\u00e4te |\u00a0Kommunal- und Forstmaschinen\",\"publisher\":{\"@id\":\"https:\/\/andreasmehli.ch\/#organization\"},\"potentialAction\":[{\"@type\":\"SearchAction\",\"target\":{\"@type\":\"EntryPoint\",\"urlTemplate\":\"https:\/\/andreasmehli.ch\/?s={search_term_string}\"},\"query-input\":\"required name=search_term_string\"}],\"inLanguage\":\"de\"},{\"@type\":\"Organization\",\"@id\":\"https:\/\/andreasmehli.ch\/#organization\",\"name\":\"Andreas Mehli\",\"url\":\"https:\/\/andreasmehli.ch\/\",\"logo\":{\"@type\":\"ImageObject\",\"inLanguage\":\"de\",\"@id\":\"https:\/\/andreasmehli.ch\/#\/schema\/logo\/image\/\",\"url\":\"https:\/\/andreasmehli.ch\/wp-content\/uploads\/2023\/05\/AM-Logo-gross-1-e1683201979535.gif\",\"contentUrl\":\"https:\/\/andreasmehli.ch\/wp-content\/uploads\/2023\/05\/AM-Logo-gross-1-e1683201979535.gif\",\"width\":431,\"height\":86,\"caption\":\"Andreas Mehli\"},\"image\":{\"@id\":\"https:\/\/andreasmehli.ch\/#\/schema\/logo\/image\/\"},\"sameAs\":[\"https:\/\/www.facebook.com\/people\/Andreas-Mehli-Landmaschinen\/100057849181425\/\"]}]}<\/script>\n<!-- \/ Yoast SEO plugin. -->","yoast_head_json":{"title":"Reifen und \u00d6l - Andreas Mehli","robots":{"index":"index","follow":"follow","max-snippet":"max-snippet:-1","max-image-preview":"max-image-preview:large","max-video-preview":"max-video-preview:-1"},"canonical":"https:\/\/andreasmehli.ch\/index.php\/reifen-und-oel\/","og_locale":"de_DE","og_type":"article","og_title":"Reifen und \u00d6l - Andreas Mehli","og_description":"Alle Informationen zu Reifen und \u00d6l zusammen mit unseren Angeboten finden Sie hier. Aktion Rundlauf &amp; Spur Verl\u00e4ngern Sie die Lebensdauer Ihrer Reifen mit unserem Aktionspaket. Fr. 170.- RundlaufmessungFr. 80.- SpurmessungFr. 230.- Paket Rundlauf &amp; Spur Sie sparen 20.- und &hellip; Weiter","og_url":"https:\/\/andreasmehli.ch\/index.php\/reifen-und-oel\/","og_site_name":"Andreas Mehli","article_publisher":"https:\/\/www.facebook.com\/people\/Andreas-Mehli-Landmaschinen\/100057849181425\/","article_modified_time":"2024-02-21T14:24:49+00:00","og_image":[{"url":"https:\/\/andreasmehli.ch\/wp-content\/uploads\/2024\/02\/Screenshot-2024-02-21-151836-2.jpg"}],"twitter_card":"summary_large_image","twitter_misc":{"Gesch\u00e4tzte Lesezeit":"3\u00a0Minuten"},"schema":{"@context":"https:\/\/schema.org","@graph":[{"@type":"WebPage","@id":"https:\/\/andreasmehli.ch\/index.php\/reifen-und-oel\/","url":"https:\/\/andreasmehli.ch\/index.php\/reifen-und-oel\/","name":"Reifen und \u00d6l - Andreas Mehli","isPartOf":{"@id":"https:\/\/andreasmehli.ch\/#website"},"datePublished":"2023-05-05T14:15:08+00:00","dateModified":"2024-02-21T14:24:49+00:00","breadcrumb":{"@id":"https:\/\/andreasmehli.ch\/index.php\/reifen-und-oel\/#breadcrumb"},"inLanguage":"de","potentialAction":[{"@type":"ReadAction","target":["https:\/\/andreasmehli.ch\/index.php\/reifen-und-oel\/"]}]},{"@type":"BreadcrumbList","@id":"https:\/\/andreasmehli.ch\/index.php\/reifen-und-oel\/#breadcrumb","itemListElement":[{"@type":"ListItem","position":1,"name":"Startseite","item":"https:\/\/andreasmehli.ch\/"},{"@type":"ListItem","position":2,"name":"Reifen und \u00d6l"}]},{"@type":"WebSite","@id":"https:\/\/andreasmehli.ch\/#website","url":"https:\/\/andreasmehli.ch\/","name":"Andreas Mehli","description":"Landtechnik |\u00a0 Motorger\u00e4te |\u00a0Kommunal- und Forstmaschinen","publisher":{"@id":"https:\/\/andreasmehli.ch\/#organization"},"potentialAction":[{"@type":"SearchAction","target":{"@type":"EntryPoint","urlTemplate":"https:\/\/andreasmehli.ch\/?s={search_term_string}"},"query-input":"required name=search_term_string"}],"inLanguage":"de"},{"@type":"Organization","@id":"https:\/\/andreasmehli.ch\/#organization","name":"Andreas Mehli","url":"https:\/\/andreasmehli.ch\/","logo":{"@type":"ImageObject","inLanguage":"de","@id":"https:\/\/andreasmehli.ch\/#\/schema\/logo\/image\/","url":"https:\/\/andreasmehli.ch\/wp-content\/uploads\/2023\/05\/AM-Logo-gross-1-e1683201979535.gif","contentUrl":"https:\/\/andreasmehli.ch\/wp-content\/uploads\/2023\/05\/AM-Logo-gross-1-e1683201979535.gif","width":431,"height":86,"caption":"Andreas Mehli"},"image":{"@id":"https:\/\/andreasmehli.ch\/#\/schema\/logo\/image\/"},"sameAs":["https:\/\/www.facebook.com\/people\/Andreas-Mehli-Landmaschinen\/100057849181425\/"]}]}},"_links":{"self":[{"href":"https:\/\/andreasmehli.ch\/index.php\/wp-json\/wp\/v2\/pages\/421","targetHints":{"allow":["GET"]}}],"collection":[{"href":"https:\/\/andreasmehli.ch\/index.php\/wp-json\/wp\/v2\/pages"}],"about":[{"href":"https:\/\/andreasmehli.ch\/index.php\/wp-json\/wp\/v2\/types\/page"}],"author":[{"embeddable":true,"href":"https:\/\/andreasmehli.ch\/index.php\/wp-json\/wp\/v2\/users\/1"}],"replies":[{"embeddable":true,"href":"https:\/\/andreasmehli.ch\/index.php\/wp-json\/wp\/v2\/comments?post=421"}],"version-history":[{"count":111,"href":"https:\/\/andreasmehli.ch\/index.php\/wp-json\/wp\/v2\/pages\/421\/revisions"}],"predecessor-version":[{"id":1360,"href":"https:\/\/andreasmehli.ch\/index.php\/wp-json\/wp\/v2\/pages\/421\/revisions\/1360"}],"wp:attachment":[{"href":"https:\/\/andreasmehli.ch\/index.php\/wp-json\/wp\/v2\/media?parent=421"}],"curies":[{"name":"wp","href":"https:\/\/api.w.org\/{rel}","templated":true}]}}